{"id":106,"date":"2023-02-09T23:06:23","date_gmt":"2023-02-09T23:06:23","guid":{"rendered":"https:\/\/pancykliniarz.pl\/?page_id=106"},"modified":"2024-09-11T19:28:13","modified_gmt":"2024-09-11T18:28:13","slug":"kontakt","status":"publish","type":"page","link":"https:\/\/pancykliniarz.pl\/?page_id=106","title":{"rendered":"Blog Realizacje"},"content":{"rendered":"\n<pre class=\"wp-block-code\"><code>\n<\/code><\/pre>\n\n\n\n<a href=\"https:\/\/pancykliniarz.oferteo.pl\/\" target=\"_blank\" rel=\"noopener\"><img decoding=\"async\" src=\"https:\/\/www.oferteo.pl\/images\/buttons\/badge-best-current-2024.svg\" class=\"oferteo-badge\" style=\"width: 192px;\"><\/a>\n\n\n\n<a href=\"https:\/\/pancykliniarz.oferteo.pl\/\" target=\"_blank\" rel=\"noopener\"><img decoding=\"async\" src=\"https:\/\/www.oferteo.pl\/images\/buttons\/badge-best-current-2023.svg\" class=\"oferteo-badge\" style=\"width: 192px;\"><\/a>\n\n\n\n<a href=\"https:\/\/fixly.pl\/profil\/hjjto90h\" target=\"_blank\" rel=\"noopener\"> <img decoding=\"async\" style=\"border: 0px none;\" src=\"https:\/\/pancykliniarz.pl\/wp-content\/uploads\/2023\/05\/top-wykonawca-2022_rgb-1.png\" alt=\"TOP Wykonawca Fixly w 2022 roku\" width=\"200\"><\/a>\n\n\n\n<a href=\"https:\/\/fixly.pl\/profil\/hjjto90h\" target=\"_blank\" rel=\"noopener\"> <img decoding=\"async\" alt=\"Polecaj\u0105 mnie na Fixly\" src=\"https:\/\/fixly.pl\/profil\/hjjto90h\/widget-b01-2x.png\" style=\"border: 0 none;\" width=\"175\"> <\/a>\n\n\n\n<p><\/p>\n\n\n\n<p><\/p>\n\n\n\n<p><\/p>\n\n\n\n<h2 class=\"wp-block-heading\">Fixly TOP Wykonawca 2022!<\/h2>\n\n\n\n<p>Dzi\u0119kuj\u0119 pa\u0144stwu oraz portalowi Fixly za zaufanie i docenienie jako\u015bci \u015bwiadczonych przeze mnie us\u0142ug!<\/p>\n\n\n\n<figure class=\"wp-block-image size-large\"><img loading=\"lazy\" decoding=\"async\" width=\"1024\" height=\"1024\" src=\"https:\/\/pancykliniarz.pl\/wp-content\/uploads\/2023\/05\/top-wykonawca-2022_rgb-1-1024x1024.png\" alt=\"\" class=\"wp-image-237\" srcset=\"https:\/\/pancykliniarz.pl\/wp-content\/uploads\/2023\/05\/top-wykonawca-2022_rgb-1-1024x1024.png 1024w, https:\/\/pancykliniarz.pl\/wp-content\/uploads\/2023\/05\/top-wykonawca-2022_rgb-1-300x300.png 300w, https:\/\/pancykliniarz.pl\/wp-content\/uploads\/2023\/05\/top-wykonawca-2022_rgb-1-150x150.png 150w, https:\/\/pancykliniarz.pl\/wp-content\/uploads\/2023\/05\/top-wykonawca-2022_rgb-1-768x768.png 768w, https:\/\/pancykliniarz.pl\/wp-content\/uploads\/2023\/05\/top-wykonawca-2022_rgb-1.png 1500w\" sizes=\"(max-width: 1024px) 100vw, 1024px\" \/><\/figure>\n\n\n\n<p><\/p>\n\n\n\n<p><\/p>\n\n\n\n<p>Oferuj\u0119 profesjonalne doradztwo oraz bezp\u0142atn\u0105 wycen\u0119.<\/p>\n\n\n\n<p>Zapraszam do kontaktu telefonicznego, e-mailowego, lub przez formularz kontaktowy.<\/p>\n\n\n\n<p>+48 799 044 602<\/p>\n\n\n\n<p>kontakt@pancykliniarz.pl<\/p>\n\n\n\n<div class=\"wp-block-contact-form-7-contact-form-selector\">\n<div class=\"wpcf7 no-js\" id=\"wpcf7-f31-o1\" lang=\"pl-PL\" dir=\"ltr\">\n<div class=\"screen-reader-response\"><p role=\"status\" aria-live=\"polite\" aria-atomic=\"true\"><\/p> <ul><\/ul><\/div>\n<form action=\"\/index.php?rest_route=%2Fwp%2Fv2%2Fpages%2F106#wpcf7-f31-o1\" method=\"post\" class=\"wpcf7-form init\" aria-label=\"Formularz kontaktowy\" novalidate=\"novalidate\" data-status=\"init\">\n<div style=\"display: none;\">\n<input type=\"hidden\" name=\"_wpcf7\" value=\"31\" \/>\n<input type=\"hidden\" name=\"_wpcf7_version\" value=\"5.8.5\" \/>\n<input type=\"hidden\" name=\"_wpcf7_locale\" value=\"pl_PL\" \/>\n<input type=\"hidden\" name=\"_wpcf7_unit_tag\" value=\"wpcf7-f31-o1\" \/>\n<input type=\"hidden\" name=\"_wpcf7_container_post\" value=\"0\" \/>\n<input type=\"hidden\" name=\"_wpcf7_posted_data_hash\" value=\"\" \/>\n<\/div>\n<p><label> Twoje imi\u0119 i nazwisko<br \/>\n<span class=\"wpcf7-form-control-wrap\" data-name=\"your-name\"><input size=\"40\" class=\"wpcf7-form-control wpcf7-text wpcf7-validates-as-required\" autocomplete=\"name\" aria-required=\"true\" aria-invalid=\"false\" value=\"\" type=\"text\" name=\"your-name\" \/><\/span> <\/label>\n<\/p>\n<p><label> Tw\u00f3j adres e-mail<br \/>\n<span class=\"wpcf7-form-control-wrap\" data-name=\"your-email\"><input size=\"40\" class=\"wpcf7-form-control wpcf7-email wpcf7-validates-as-required wpcf7-text wpcf7-validates-as-email\" autocomplete=\"email\" aria-required=\"true\" aria-invalid=\"false\" value=\"\" type=\"email\" name=\"your-email\" \/><\/span> <\/label>\n<\/p>\n<p><label> Temat<br \/>\n<span class=\"wpcf7-form-control-wrap\" data-name=\"your-subject\"><input size=\"40\" class=\"wpcf7-form-control wpcf7-text wpcf7-validates-as-required\" aria-required=\"true\" aria-invalid=\"false\" value=\"\" type=\"text\" name=\"your-subject\" \/><\/span> <\/label>\n<\/p>\n<p><label> Twoja wiadomo\u015bci (opcjonalne)<br \/>\n<span class=\"wpcf7-form-control-wrap\" data-name=\"your-message\"><textarea cols=\"40\" rows=\"10\" class=\"wpcf7-form-control wpcf7-textarea\" aria-invalid=\"false\" name=\"your-message\"><\/textarea><\/span> <\/label>\n<\/p>\n<p><input class=\"wpcf7-form-control wpcf7-submit has-spinner\" type=\"submit\" value=\"Wy\u015blij\" \/>\n<\/p><p style=\"display: none !important;\"><label>&#916;<textarea name=\"_wpcf7_ak_hp_textarea\" cols=\"45\" rows=\"8\" maxlength=\"100\"><\/textarea><\/label><input type=\"hidden\" id=\"ak_js_1\" name=\"_wpcf7_ak_js\" value=\"155\"\/><script>document.getElementById( \"ak_js_1\" ).setAttribute( \"value\", ( new Date() ).getTime() );<\/script><\/p><div class=\"wpcf7-response-output\" aria-hidden=\"true\"><\/div>\n<\/form>\n<\/div>\n<\/div>\n","protected":false},"excerpt":{"rendered":"<p>Fixly TOP Wykonawca 2022! Dzi\u0119kuj\u0119 pa\u0144stwu oraz portalowi Fixly za zaufanie i docenienie jako\u015bci \u015bwiadczonych przeze mnie us\u0142ug! Oferuj\u0119 profesjonalne doradztwo oraz bezp\u0142atn\u0105 wycen\u0119. Zapraszam [&hellip;]<\/p>\n","protected":false},"author":1,"featured_media":25,"parent":0,"menu_order":0,"comment_status":"closed","ping_status":"closed","template":"","meta":{"footnotes":"","two_page_speed":{"previous_score":{"desktop_score":95,"desktop_tti":"0.9\u00a0","mobile_score":83,"mobile_tti":"3.1\u00a0","date":"24.03.2024 09:09:13 pm","status":"completed"},"current_score":{"desktop_score":99,"desktop_tti":"0.6\u00a0","mobile_score":93,"mobile_tti":"3.1\u00a0","date":"11.09.2024 07:28:40 pm","status":"completed"}}},"yoast_head":"<!-- This site is optimized with the Yoast SEO plugin v21.8 - https:\/\/yoast.com\/wordpress\/plugins\/seo\/ -->\n<title>Blog Realizacje - Pan Cykliniarz +48 799 044 602<\/title>\n<meta name=\"robots\" content=\"index, follow, max-snippet:-1, max-image-preview:large, max-video-preview:-1\" \/>\n<link rel=\"canonical\" href=\"https:\/\/pancykliniarz.pl\/?page_id=106\" \/>\n<meta property=\"og:locale\" content=\"pl_PL\" \/>\n<meta property=\"og:type\" content=\"article\" \/>\n<meta property=\"og:title\" content=\"Blog Realizacje - Pan Cykliniarz +48 799 044 602\" \/>\n<meta property=\"og:description\" content=\"Fixly TOP Wykonawca 2022! Dzi\u0119kuj\u0119 pa\u0144stwu oraz portalowi Fixly za zaufanie i docenienie jako\u015bci \u015bwiadczonych przeze mnie us\u0142ug! Oferuj\u0119 profesjonalne doradztwo oraz bezp\u0142atn\u0105 wycen\u0119. Zapraszam [&hellip;]\" \/>\n<meta property=\"og:url\" content=\"https:\/\/pancykliniarz.pl\/?page_id=106\" \/>\n<meta property=\"og:site_name\" content=\"Pan Cykliniarz +48 799 044 602\" \/>\n<meta property=\"article:publisher\" content=\"https:\/\/www.facebook.com\/profile.php?id=100090941047503\" \/>\n<meta property=\"article:modified_time\" content=\"2024-09-11T18:28:13+00:00\" \/>\n<meta property=\"og:image\" content=\"https:\/\/pancykliniarz.pl\/wp-content\/uploads\/2023\/02\/IMG_20220708_122900-scaled.jpg\" \/>\n\t<meta property=\"og:image:width\" content=\"2560\" \/>\n\t<meta property=\"og:image:height\" content=\"1440\" \/>\n\t<meta property=\"og:image:type\" content=\"image\/jpeg\" \/>\n<meta name=\"twitter:card\" content=\"summary_large_image\" \/>\n<meta name=\"twitter:label1\" content=\"Szacowany czas czytania\" \/>\n\t<meta name=\"twitter:data1\" content=\"2 minuty\" \/>\n<script type=\"application\/ld+json\" class=\"yoast-schema-graph\">{\"@context\":\"https:\/\/schema.org\",\"@graph\":[{\"@type\":\"WebPage\",\"@id\":\"https:\/\/pancykliniarz.pl\/?page_id=106\",\"url\":\"https:\/\/pancykliniarz.pl\/?page_id=106\",\"name\":\"Blog Realizacje - Pan Cykliniarz +48 799 044 602\",\"isPartOf\":{\"@id\":\"https:\/\/pancykliniarz.pl\/#website\"},\"datePublished\":\"2023-02-09T23:06:23+00:00\",\"dateModified\":\"2024-09-11T18:28:13+00:00\",\"breadcrumb\":{\"@id\":\"https:\/\/pancykliniarz.pl\/?page_id=106#breadcrumb\"},\"inLanguage\":\"pl-PL\",\"potentialAction\":[{\"@type\":\"ReadAction\",\"target\":[\"https:\/\/pancykliniarz.pl\/?page_id=106\"]}]},{\"@type\":\"BreadcrumbList\",\"@id\":\"https:\/\/pancykliniarz.pl\/?page_id=106#breadcrumb\",\"itemListElement\":[{\"@type\":\"ListItem\",\"position\":1,\"name\":\"Cyklinowanie Strona G\u0142\u00f3wna\",\"item\":\"https:\/\/pancykliniarz.pl\/\"},{\"@type\":\"ListItem\",\"position\":2,\"name\":\"Blog Realizacje\"}]},{\"@type\":\"WebSite\",\"@id\":\"https:\/\/pancykliniarz.pl\/#website\",\"url\":\"https:\/\/pancykliniarz.pl\/\",\"name\":\"Pan Cykliniarz Cyklinowanie Bezpy\u0142owe Cyklinowanie Parkietu Pod\u0142\u00f3g i Schod\u00f3w\",\"description\":\"Cyklinowanie Parkietu Cyklinowanie Pod\u0142ogi Cyklinowanie Bezpy\u0142owe Gorz\u00f3w Wielkopolski Sczecin Zielona G\u00f3ra\",\"publisher\":{\"@id\":\"https:\/\/pancykliniarz.pl\/#organization\"},\"alternateName\":\"Pan Cykliniarz Bezpy\u0142owe Cyklinowanie Parkietu Lubuskie Zachodniopomorskie Wielkopolskie\",\"potentialAction\":[{\"@type\":\"SearchAction\",\"target\":{\"@type\":\"EntryPoint\",\"urlTemplate\":\"https:\/\/pancykliniarz.pl\/?s={search_term_string}\"},\"query-input\":\"required name=search_term_string\"}],\"inLanguage\":\"pl-PL\"},{\"@type\":\"Organization\",\"@id\":\"https:\/\/pancykliniarz.pl\/#organization\",\"name\":\"Pan Cykliniarz Cyklinowanie Bezpy\u0142owe Cyklinowanie Parkietu Pod\u0142\u00f3g i Schod\u00f3w\",\"url\":\"https:\/\/pancykliniarz.pl\/\",\"logo\":{\"@type\":\"ImageObject\",\"inLanguage\":\"pl-PL\",\"@id\":\"https:\/\/pancykliniarz.pl\/#\/schema\/logo\/image\/\",\"url\":\"https:\/\/pancykliniarz.pl\/wp-content\/uploads\/2023\/02\/cropped-IMG_20220810_225637-2.jpg\",\"contentUrl\":\"https:\/\/pancykliniarz.pl\/wp-content\/uploads\/2023\/02\/cropped-IMG_20220810_225637-2.jpg\",\"width\":260,\"height\":250,\"caption\":\"Pan Cykliniarz Cyklinowanie Bezpy\u0142owe Cyklinowanie Parkietu Pod\u0142\u00f3g i Schod\u00f3w\"},\"image\":{\"@id\":\"https:\/\/pancykliniarz.pl\/#\/schema\/logo\/image\/\"},\"sameAs\":[\"https:\/\/www.facebook.com\/profile.php?id=100090941047503\"]}]}<\/script>\n<!-- \/ Yoast SEO plugin. -->","yoast_head_json":{"title":"Blog Realizacje - Pan Cykliniarz +48 799 044 602","robots":{"index":"index","follow":"follow","max-snippet":"max-snippet:-1","max-image-preview":"max-image-preview:large","max-video-preview":"max-video-preview:-1"},"canonical":"https:\/\/pancykliniarz.pl\/?page_id=106","og_locale":"pl_PL","og_type":"article","og_title":"Blog Realizacje - Pan Cykliniarz +48 799 044 602","og_description":"Fixly TOP Wykonawca 2022! Dzi\u0119kuj\u0119 pa\u0144stwu oraz portalowi Fixly za zaufanie i docenienie jako\u015bci \u015bwiadczonych przeze mnie us\u0142ug! Oferuj\u0119 profesjonalne doradztwo oraz bezp\u0142atn\u0105 wycen\u0119. Zapraszam [&hellip;]","og_url":"https:\/\/pancykliniarz.pl\/?page_id=106","og_site_name":"Pan Cykliniarz +48 799 044 602","article_publisher":"https:\/\/www.facebook.com\/profile.php?id=100090941047503","article_modified_time":"2024-09-11T18:28:13+00:00","og_image":[{"width":2560,"height":1440,"url":"https:\/\/pancykliniarz.pl\/wp-content\/uploads\/2023\/02\/IMG_20220708_122900-scaled.jpg","type":"image\/jpeg"}],"twitter_card":"summary_large_image","twitter_misc":{"Szacowany czas czytania":"2 minuty"},"schema":{"@context":"https:\/\/schema.org","@graph":[{"@type":"WebPage","@id":"https:\/\/pancykliniarz.pl\/?page_id=106","url":"https:\/\/pancykliniarz.pl\/?page_id=106","name":"Blog Realizacje - Pan Cykliniarz +48 799 044 602","isPartOf":{"@id":"https:\/\/pancykliniarz.pl\/#website"},"datePublished":"2023-02-09T23:06:23+00:00","dateModified":"2024-09-11T18:28:13+00:00","breadcrumb":{"@id":"https:\/\/pancykliniarz.pl\/?page_id=106#breadcrumb"},"inLanguage":"pl-PL","potentialAction":[{"@type":"ReadAction","target":["https:\/\/pancykliniarz.pl\/?page_id=106"]}]},{"@type":"BreadcrumbList","@id":"https:\/\/pancykliniarz.pl\/?page_id=106#breadcrumb","itemListElement":[{"@type":"ListItem","position":1,"name":"Cyklinowanie Strona G\u0142\u00f3wna","item":"https:\/\/pancykliniarz.pl\/"},{"@type":"ListItem","position":2,"name":"Blog Realizacje"}]},{"@type":"WebSite","@id":"https:\/\/pancykliniarz.pl\/#website","url":"https:\/\/pancykliniarz.pl\/","name":"Pan Cykliniarz Cyklinowanie Bezpy\u0142owe Cyklinowanie Parkietu Pod\u0142\u00f3g i Schod\u00f3w","description":"Cyklinowanie Parkietu Cyklinowanie Pod\u0142ogi Cyklinowanie Bezpy\u0142owe Gorz\u00f3w Wielkopolski Sczecin Zielona G\u00f3ra","publisher":{"@id":"https:\/\/pancykliniarz.pl\/#organization"},"alternateName":"Pan Cykliniarz Bezpy\u0142owe Cyklinowanie Parkietu Lubuskie Zachodniopomorskie Wielkopolskie","potentialAction":[{"@type":"SearchAction","target":{"@type":"EntryPoint","urlTemplate":"https:\/\/pancykliniarz.pl\/?s={search_term_string}"},"query-input":"required name=search_term_string"}],"inLanguage":"pl-PL"},{"@type":"Organization","@id":"https:\/\/pancykliniarz.pl\/#organization","name":"Pan Cykliniarz Cyklinowanie Bezpy\u0142owe Cyklinowanie Parkietu Pod\u0142\u00f3g i Schod\u00f3w","url":"https:\/\/pancykliniarz.pl\/","logo":{"@type":"ImageObject","inLanguage":"pl-PL","@id":"https:\/\/pancykliniarz.pl\/#\/schema\/logo\/image\/","url":"https:\/\/pancykliniarz.pl\/wp-content\/uploads\/2023\/02\/cropped-IMG_20220810_225637-2.jpg","contentUrl":"https:\/\/pancykliniarz.pl\/wp-content\/uploads\/2023\/02\/cropped-IMG_20220810_225637-2.jpg","width":260,"height":250,"caption":"Pan Cykliniarz Cyklinowanie Bezpy\u0142owe Cyklinowanie Parkietu Pod\u0142\u00f3g i Schod\u00f3w"},"image":{"@id":"https:\/\/pancykliniarz.pl\/#\/schema\/logo\/image\/"},"sameAs":["https:\/\/www.facebook.com\/profile.php?id=100090941047503"]}]}},"_links":{"self":[{"href":"https:\/\/pancykliniarz.pl\/index.php?rest_route=\/wp\/v2\/pages\/106"}],"collection":[{"href":"https:\/\/pancykliniarz.pl\/index.php?rest_route=\/wp\/v2\/pages"}],"about":[{"href":"https:\/\/pancykliniarz.pl\/index.php?rest_route=\/wp\/v2\/types\/page"}],"author":[{"embeddable":true,"href":"https:\/\/pancykliniarz.pl\/index.php?rest_route=\/wp\/v2\/users\/1"}],"replies":[{"embeddable":true,"href":"https:\/\/pancykliniarz.pl\/index.php?rest_route=%2Fwp%2Fv2%2Fcomments&post=106"}],"version-history":[{"count":32,"href":"https:\/\/pancykliniarz.pl\/index.php?rest_route=\/wp\/v2\/pages\/106\/revisions"}],"predecessor-version":[{"id":506,"href":"https:\/\/pancykliniarz.pl\/index.php?rest_route=\/wp\/v2\/pages\/106\/revisions\/506"}],"wp:featuredmedia":[{"embeddable":true,"href":"https:\/\/pancykliniarz.pl\/index.php?rest_route=\/wp\/v2\/media\/25"}],"wp:attachment":[{"href":"https:\/\/pancykliniarz.pl\/index.php?rest_route=%2Fwp%2Fv2%2Fmedia&parent=106"}],"curies":[{"name":"wp","href":"https:\/\/api.w.org\/{rel}","templated":true}]}}